 2497 is divided by 92.
13
Calculate the remainder when 97566 is divided by 16.
14
What is the remainder when 4714 is divided by 58?
16
Calculate the remainder when 740518 is divided by 396.
394
What is the remainder when 78740 is divided by 49?
46
What is the remainder when 684795 is divided by 7?
6
What is the remainder when 330242 is divided by 31?
30
Calculate the remainder when 27983 is divided by 378.
11
What is the remainder when 7575 is divided by 581?
22
What is the remainder when 12603 is divided by 2614?
2147
Calculate the remainder when 236315 is divided by 56.
51
Calculate the remainder when 1087334 is divided by 42.
38
Calculate the remainder when 69904 is divided by 6353.
21
Calculate the remainder when 29980 is divided by 793.
639
What is the remainder when 2050 is divided by 925?
200
What is the remainder when 132552 is divided by 306?
54
Calculate the remainder when 9050 is divided by 9022.
28
Calculate the remainder when 20081 is divided by 34.
21
Calculate the remainder when 10772 is divided by 133.
132
Calculate the remainder when 52245 is divided by 10449.
0
What is the remainder when 151447 is divided by 1352?
23
Calculate the remainder when 3859 is divided by 86.
75
Calculate the remainder when 834 is divided by 58.
22
What is the remainder when 46562 is divided by 23249?
64
Calculate the remainder when 783792 is divided by 23.
21
Calculate the remainder when 247438 is divided by 297.
37
Calculate the remainder when 402 is divided by 116.
54
What is the remainder when 1080069 is divided by 126?
123
Calculate the remainder when 39139 is divided by 3554.
45
Calculate the remainder when 8773 is divided by 79.
4
Calculate the remainder when 42229 is divided by 30.
19
What is the remainder when 2732 is divided by 305?
292
Calculate the remainder when 1387 is divided by 136.
27
Calculate the remainder when 233218 is divided by 9717.
10
What is the remainder when 2193771 is divided by 1419?
1416
Calculate the remainder when 1268 is divided by 433.
402
What is the remainder when 10758 is divided by 29?
28
What is the remainder when 637637 is divided by 20?
17
Calculate the remainder when 8656 is divided by 48.
16
What is the remainder when 6790 is divided by 12?
10
Calculate the remainder when 2873 is divided by 493.
408
Calculate the remainder when 145271 is divided by 1579.
3
What is the remainder when 1934 is divided by 844?
246
What is the remainder when 14036 is divided by 693?
176
Calculate the remainder when 34700 is divided by 11550.
50
What is the remainder when 11194 is divided by 20?
14
Calculate the remainder when 22617 is divided by 1077.
0
Calculate the remainder when 503108 is divided by 213.
2
Calculate the remainder when 4328 is divided by 58.
36
What is the remainder when 2350 is divided by 587?
2
Calculate the remainder when 4410 is divided by 2122.
166
What is the remainder when 16437 is divided by 280?
197
Calculate the remainder when 3191 is divided by 1059.
14
What is the remainder when 35729 is divided by 1503?
1160
Calculate the remainder when 29149 is divided by 478.
469
Calculate the remainder when 121073 is divided by 40349.
26
What is the remainder when 1342 is divided by 712?
630
What is the remainder when 95178 is divided by 124?
70
Calculate the remainder when 225627 is divided by 75194.
45
What is the remainder when 83101 is divided by 98?
95
Calculate the remainder when 10494 is divided by 30.
24
What is the remainder when 59750 is divided by 26?
2
What is the remainder when 1853718 is divided by 440?
438
Calculate the remainder when 31799 is divided by 7.
5
Calculate the remainder when 5122 is divided by 50.
22
Calculate the remainder when 179998 is divided by 229.
4
Calculate the remainder when 24695 is divided by 7996.
707
What is the remainder when 12645 is divided by 660?
105
What is the remainder when 143884 is divided by 272?
268
What is the remainder when 243394 is divided by 121692?
10
What is the remainder when 39653 is divided by 592?
581
What is the remainder when 8192 is divided by 1433?
1027
What is the remainder when 39978 is divided by 9?
0
Calculate the remainder when 25903 is divided by 647.
23
What is the remainder when 6856 is divided by 429?
421
Calculate the remainder when 5901 is divided by 336.
189
What is the remainder when 770 is divided by 318?
134
What is the remainder when 1768609 is divided by 11950?
9
What is the remainder when 50498 is divided by 358?
20
Calculate the remainder when 1783106 is divided by 98.
94
Calculate the remainder when 183017 is divided by 119.
114
Calculate the remainder when 296739 is divided by 133.
16
What is the remainder when 115178 is divided by 7?
0
Calculate the remainder when 973 is divided by 88.
5
Calculate the remainder when 18938 is divided by 236.
58
Calculate the remainder when 8284 is divided by 342.
76
What is the remainder when 209873 is divided by 69957?
2
Calculate the remainder when 10555 is divided by 35.
20
What is the remainder when 150851 is divided by 18?
11
What is the remainder when 23488 is divided by 618?
4
What is the remainder when 26922 is divided by 4466?
126
What is the remainder when 3194 is divided by 63?
44
Calculate the remainder when 31760 is divided by 94.
82
Calculate the remainder when 185587 is divided by 982.
971
What is the remainder when 10479 is divided by 144?
111
What is the remainder when 61652 is divided by 4?
0
What is the remainder when 749 is divided by 8?
5
Calculate the remainder when 30464 is divided by 242.
214
What is the remainder when 7208 is divided by 202?
138
What is the remainder when 1532 is divided by 63?
20
What is the remainder when 31345 is divided by 57?
52
What is the remainder when 115196 is divided by 43?
42
Calculate the remainder when 1305 is divided by 259.
10
What is the remainder when 3930 is divided by 46?
20
What is the remainder when 15796 is divided by 2608?
148
Calculate the remainder when 94510 is divided by 20.
10
What is the remainder when 524884 is divided by 19?
9
What is the remainder when 147177 is divided by 33?
30
What is the remainder when 188973 is divided by 12?
9
Calculate the remainder when 76235 is divided by 192.
11
Calculate the remainder when 493521 is divided by 18.
15
What is the remainder when 24898 is divided by 233?
200
Calculate the remainder when 80847 is divided by 22.
19
Calculate the remainder when 37892 is divided by 13.
10
What is the remainder when 73713 is divided by 117?
3
What is the remainder when 8620 is divided by 18?
16
What is the remainder when 15888 is divided by 404?
132
Calculate the remainder when 9298 is divided by 80.
18
What is the remainder when 43530 is divided by 340?
10
Calculate the remainder when 56401 is divided by 723.
7
What is the remainder when 72977 is divided by 297?
212
Calculate the remainder when 107903 is divided by 176.
15
What is the remainder when 1160 is divided by 176?
104
What is the remainder when 16759 is divided by 192?
55
What is the remainder when 4971 is divided by 711?
705
Calculate the remainder when 2493 is divided by 108.
9
Calculate the remainder when 1606 is divided by 992.
614
What is the remainder when 30997 is divided by 100?
97
What is the remainder when 82271 is divided by 17?
8
Calculate the remainder when 29129 is divided by 807.
77
Calculate the remainder when 25058 is divided by 72.
2
What is the remainder when 57739 is divided by 19232?
43
Calculate the remainder when 2771 is divided by 21.
20
What is the remainder when 1778 is divided by 491?
305
What is the remainder when 30321 is divided by 12?
9
Calculate the remainder when 1854625 is divided by 38638.
1
What is the remainder when 262100 is divided by 851?
843
What is the remainder when 1117156 is divided by 110?
106
What is the remainder when 51893 is divided by 26?
23
Calculate the remainder when 3427 is divided by 1137.
16
What is the remainder when 141085 is divided by 33?
10
What is the remainder when 4127 is divided by 1900?
327
What is the remainder when 619 is divided by 194?
37
What is the remainder when 7082 is divided by 85?
27
What is the remainder when 69972 is divided by 476?
0
What is the remainder when 2220 is divided by 552?
12
What is the remainder when 14354 is divided by 9?
8
What is the r